{"id":19,"date":"2022-02-01T15:05:00","date_gmt":"2022-02-01T14:05:00","guid":{"rendered":"https:\/\/cyclospattes.org\/?page_id=19"},"modified":"2026-05-09T13:44:28","modified_gmt":"2026-05-09T11:44:28","slug":"accueil","status":"publish","type":"page","link":"https:\/\/cyclospattes.org\/","title":{"rendered":"Accueil"},"content":{"rendered":"\n<div class=\"wp-block-cover alignfull is-light wp-duotone-unset-1\" style=\"margin-top:0;padding-top:5vw;padding-right:5vw;padding-bottom:5vw;padding-left:5vw;min-height:635px;aspect-ratio:unset;\"><img loading=\"lazy\" decoding=\"async\" width=\"488\" height=\"632\" class=\"wp-block-cover__image-background wp-image-554 size-full\" alt=\"\" src=\"https:\/\/cyclospattes.org\/wp-content\/uploads\/2026\/02\/tract1.png\" data-object-fit=\"cover\" srcset=\"https:\/\/cyclospattes.org\/wp-content\/uploads\/2026\/02\/tract1.png 488w, https:\/\/cyclospattes.org\/wp-content\/uploads\/2026\/02\/tract1-232x300.png 232w\" sizes=\"auto, (max-width: 488px) 100vw, 488px\" \/><span aria-hidden=\"true\" class=\"wp-block-cover__background has-white-background-color has-background-dim-70 has-background-dim\"><\/span><div class=\"wp-block-cover__inner-container is-layout-flow wp-block-cover-is-layout-flow\">\n<div style=\"height:48px\" aria-hidden=\"true\" class=\"wp-block-spacer\"><\/div>\n\n\n\n<div class=\"wp-block-group is-vertical is-content-justification-center is-nowrap is-layout-flex wp-container-core-group-is-layout-c8003664 wp-block-group-is-layout-flex\">\n<h2 class=\"wp-block-heading has-text-align-center\" style=\"font-size:148px\"><strong>Actualit\u00e9s<\/strong><\/h2>\n\n\n\n<figure class=\"wp-block-image size-full\"><img loading=\"lazy\" decoding=\"async\" width=\"960\" height=\"720\" src=\"https:\/\/cyclospattes.org\/wp-content\/uploads\/2026\/05\/image1.jpg\" alt=\"\" class=\"wp-image-649\" srcset=\"https:\/\/cyclospattes.org\/wp-content\/uploads\/2026\/05\/image1.jpg 960w, https:\/\/cyclospattes.org\/wp-content\/uploads\/2026\/05\/image1-300x225.jpg 300w, https:\/\/cyclospattes.org\/wp-content\/uploads\/2026\/05\/image1-768x576.jpg 768w\" sizes=\"auto, (max-width: 960px) 100vw, 960px\" \/><\/figure>\n\n\n\n<p>_i<\/p>\n\n\n\n<p><\/p>\n<\/div>\n\n\n\n<div style=\"height:48px\" aria-hidden=\"true\" class=\"wp-block-spacer\"><\/div>\n<\/div><\/div>\n\n\n\n<div class=\"wp-block-ive-separator aligncenter undefined ive-separator-_29c9ec-4b\"><div class=\"ive-separator ive-separator-halign-center\"><hr class=\"ive-separator-hr float-xl-center float-lg-center float-sm-center float-center\"\/><\/div><\/div>\n\n\n\n<p class=\"has-text-color has-link-color has-medium-font-size wp-elements-78362d23615ca91f3ff16514b6f63a03\" style=\"color:#455666\">L\u2019association Cyclos &amp; Pattes a \u00e9t\u00e9 fond\u00e9e fin 2020 par 7 habitants et habitantes du bassin de Pamiers pratiquant quotidiennement le v\u00e9lo.<\/p>\n\n\n\n<p class=\"has-text-color has-link-color has-medium-font-size wp-elements-d4f5c2689cb1124e503365c5616c30ba\" style=\"color:#455666\">Ils souhaitaient agir pour <strong>am\u00e9liorer les conditions de circulation des pi\u00e9tons et des cyclistes.<\/strong><\/p>\n\n\n\n<p class=\"has-medium-font-size\"><\/p>\n\n\n\n<div style=\"height:36px\" aria-hidden=\"true\" class=\"wp-block-spacer\"><\/div>\n\n\n\n<p class=\"has-medium-font-size\"><\/p>\n\n\n\n<h2 class=\"wp-block-heading\">Les objectifs de l&rsquo;association :<\/h2>\n\n\n\n<p class=\".post p { line-height: 1.5em; padding-bottom: 15px; } has-medium-font-size\"><mark style=\"background-color:rgba(0, 0, 0, 0)\" class=\"has-inline-color has-black-color\">Notre raison d\u2019\u00eatre est la promotion de l\u2019usage du v\u00e9lo et de la marche au quotidien.<\/mark><\/p>\n\n\n\n<p class=\"has-medium-font-size\">Ceci selon trois grands axes :<\/p>\n\n\n\n<div style=\"height:6px\" aria-hidden=\"true\" class=\"wp-block-spacer\"><\/div>\n\n\n\n<p class=\"has-medium-font-size\">1)&nbsp;<strong>Nous militons<\/strong>&nbsp;pour les mobilit\u00e9s actives et nous d\u00e9fendons les int\u00e9r\u00eats de leurs usagers :<\/p>\n\n\n\n<p class=\"has-medium-font-size\">\u2022 en \u00e9tant un relais pour les pi\u00e9tons et cyclistes aupr\u00e8s des institutions et des d\u00e9cideurs<\/p>\n\n\n\n<p class=\"has-medium-font-size\">\u2022 en faisant remonter les souhaits et points noirs aupr\u00e8s des mairies et organismes publics du bassin de vie de Pamiers,&nbsp;<\/p>\n\n\n\n<p class=\"has-medium-font-size\">\u2022 en faisant prendre conscience que la marche et le v\u00e9lo sont non polluants, non encombrants, non bruyants, g\u00e9n\u00e9rateurs de bonne sant\u00e9 et peu on\u00e9reux,&nbsp;<\/p>\n\n\n\n<p class=\"has-medium-font-size\">\u2022 en agissant pour que nos villes r\u00e9pondent \u00e0 nos aspirations de vie.&nbsp;<\/p>\n\n\n\n<div style=\"height:6px\" aria-hidden=\"true\" class=\"wp-block-spacer\"><\/div>\n\n\n\n<p class=\"has-medium-font-size\">2) Nous animons un&nbsp;<strong>atelier d&rsquo;auto-r\u00e9paration&nbsp;<\/strong>pour faciliter l&rsquo;acc\u00e8s au v\u00e9lo pour tous.<\/p>\n\n\n\n<p class=\"has-medium-font-size\">Pour un budget modique, venez entretenir votre v\u00e9lo avec pr\u00eat d&rsquo;outillage adapt\u00e9 et d\u00e9livrance de conseils m\u00e9caniques inclus.<\/p>\n\n\n\n<div style=\"height:6px\" aria-hidden=\"true\" class=\"wp-block-spacer\"><\/div>\n\n\n\n<p class=\"has-medium-font-size\">3) Nous proposons une&nbsp;<strong>v\u00e9lo-\u00e9cole.<\/strong><\/p>\n\n\n\n<p class=\"has-medium-font-size\">Adulte ou enfant, venez apprendre ou r\u00e9apprendre \u00e0 utiliser au mieux votre v\u00e9lo et circuler dans le r\u00e9seau urbain le plus en s\u00e9curit\u00e9 possible !<\/p>\n\n\n\n<div style=\"height:20px\" aria-hidden=\"true\" class=\"wp-block-spacer\"><\/div>\n\n\n\n<h2 class=\"wp-block-heading\">Pourquoi ?<\/h2>\n\n\n\n<p class=\"has-cyan-bluish-gray-color has-text-color has-link-color has-large-font-size wp-elements-c7fe0d68d4eff502d86774a57ffab323\" style=\"letter-spacing:-1px\"><\/p>\n\n\n\n<p class=\"has-text-color has-link-color has-medium-font-size wp-elements-ca73e368e626c68da8d209540ac7b808\" style=\"color:#455666\">3 bonnes raisons pour se d\u00e9placer \u00e0 pied ou \u00e0 v\u00e9lo :<\/p>\n\n\n\n<p><\/p>\n\n\n\n<p class=\"has-medium-font-size\"><em>\u2022<\/em> S\u00e9curit\u00e9 : Marchons et roulons en s\u00e9curit\u00e9 dans un <strong>environnement apais\u00e9.<\/strong><\/p>\n\n\n\n<p class=\"has-medium-font-size\"><em>\u2022<\/em> Co\u00fbts : Pour le particulier ou les mairies, l&rsquo;usage des transports doux est une <strong>source d&rsquo;\u00e9conomie.<\/strong><\/p>\n\n\n\n<p class=\"has-medium-font-size\"><em>\u2022<\/em> Sant\u00e9 : Par la pratique quotidienne d&rsquo;une <strong>activit\u00e9 physique<\/strong> dans une atmosph\u00e8re saine.<\/p>\n\n\n\n<div style=\"height:20px\" aria-hidden=\"true\" class=\"wp-block-spacer\"><\/div>\n\n\n\n<h2 class=\"wp-block-heading\">Int\u00e9ress\u00e9\u00b7es par nous rejoindre ?<\/h2>\n\n\n\n<p class=\"has-medium-font-size\">Ou seulement curieux\u00b7se ? <\/p>\n\n\n\n<p class=\"has-medium-font-size\">Nous nous r\u00e9unissons chaque <strong>2nd lundi du mois \u00e0 20h00 l&rsquo;H\u00f4tel Baur\u00e8s,<em>1 boulevard de Lattre de Tassigny<\/em> (en face de la gare).<\/strong> N&rsquo;h\u00e9sitez pas \u00e0 venir ! Les prochaines r\u00e9unions auront lieu : les <strong>11\/05 <\/strong>&amp; 08\/06\/26. Vous pouvez \u00e9galement adh\u00e9rer <a href=\"https:\/\/www.helloasso.com\/associations\/cyclos-et-pattes\/adhesions\/adhesion-a-cyclos-et-pattes-1\">ici<\/a>.<\/p>\n\n\n\n<div class=\"wp-block-ive-separator aligncenter undefined ive-separator-_9ba27f-85\"><div class=\"ive-separator ive-separator-halign-center\"><hr class=\"ive-separator-hr float-xl-center float-lg-center float-sm-center float-center\"\/><\/div><\/div>\n\n\n\n<figure class=\"wp-block-gallery has-nested-images columns-3 is-cropped wp-block-gallery-2 is-layout-flex wp-block-gallery-is-layout-flex\">\n<figure class=\"wp-block-image size-full is-style-rounded\"><img loading=\"lazy\" decoding=\"async\" width=\"1920\" height=\"2560\" data-id=\"294\" src=\"https:\/\/cyclospattes.org\/wp-content\/uploads\/2025\/11\/IMG_0315-3-scaled.jpg\" alt=\"\" class=\"wp-image-294\" srcset=\"https:\/\/cyclospattes.org\/wp-content\/uploads\/2025\/11\/IMG_0315-3-scaled.jpg 1920w, https:\/\/cyclospattes.org\/wp-content\/uploads\/2025\/11\/IMG_0315-3-225x300.jpg 225w\" sizes=\"auto, (max-width: 1920px) 100vw, 1920px\" \/><figcaption class=\"wp-element-caption\">F\u00eate du v\u00e9lo, mai 2025<\/figcaption><\/figure>\n\n\n\n<figure class=\"wp-block-image size-large is-style-rounded\"><img loading=\"lazy\" decoding=\"async\" width=\"768\" height=\"1024\" data-id=\"290\" src=\"https:\/\/cyclospattes.org\/wp-content\/uploads\/2025\/11\/IMG_20240922_143426-768x1024.jpg\" alt=\"\" class=\"wp-image-290\" srcset=\"https:\/\/cyclospattes.org\/wp-content\/uploads\/2025\/11\/IMG_20240922_143426-768x1024.jpg 768w, https:\/\/cyclospattes.org\/wp-content\/uploads\/2025\/11\/IMG_20240922_143426-225x300.jpg 225w, https:\/\/cyclospattes.org\/wp-content\/uploads\/2025\/11\/IMG_20240922_143426-1152x1536.jpg 1152w, https:\/\/cyclospattes.org\/wp-content\/uploads\/2025\/11\/IMG_20240922_143426.jpg 1500w\" sizes=\"auto, (max-width: 768px) 100vw, 768px\" \/><figcaption class=\"wp-element-caption\">Semaine des mobilit\u00e9s, mai 2025<\/figcaption><\/figure>\n\n\n\n<figure class=\"wp-block-image size-full is-style-rounded\"><img loading=\"lazy\" decoding=\"async\" width=\"2560\" height=\"1920\" data-id=\"292\" src=\"https:\/\/cyclospattes.org\/wp-content\/uploads\/2025\/11\/IMG_8372-1-scaled.jpg\" alt=\"\" class=\"wp-image-292\" srcset=\"https:\/\/cyclospattes.org\/wp-content\/uploads\/2025\/11\/IMG_8372-1-scaled.jpg 2560w, https:\/\/cyclospattes.org\/wp-content\/uploads\/2025\/11\/IMG_8372-1-300x225.jpg 300w\" sizes=\"auto, (max-width: 2560px) 100vw, 2560px\" \/><figcaption class=\"wp-element-caption\">Stand Cyclos&amp;Pattes<\/figcaption><\/figure>\n<\/figure>\n\n\n\n<p><\/p>\n","protected":false},"excerpt":{"rendered":"<p>L\u2019association Cyclos &amp; Pattes a \u00e9t\u00e9 fond\u00e9e fin 2020 par 7 habitants et habitantes du bassin de Pamiers pratiquant quotidiennement le v\u00e9lo. Ils souhaitaient agir pour am\u00e9liorer les conditions de circulation des pi\u00e9tons et des cyclistes. Les objectifs de l&rsquo;association : Notre raison d\u2019\u00eatre est la promotion de l\u2019usage du v\u00e9lo et de la marche [&hellip;]<\/p>\n","protected":false},"author":2,"featured_media":0,"parent":0,"menu_order":0,"comment_status":"closed","ping_status":"closed","template":"","meta":{"_regular_price":[],"currency_symbol":[],"footnotes":""},"class_list":["post-19","page","type-page","status-publish","hentry"],"post_slider_layout_featured_media_urls":{"thumbnail":"","post_slider_layout_landscape_large":"","post_slider_layout_portrait_large":"","post_slider_layout_square_large":"","post_slider_layout_landscape":"","post_slider_layout_portrait":"","post_slider_layout_square":"","full":""},"_links":{"self":[{"href":"https:\/\/cyclospattes.org\/index.php\/wp-json\/wp\/v2\/pages\/19","targetHints":{"allow":["GET"]}}],"collection":[{"href":"https:\/\/cyclospattes.org\/index.php\/wp-json\/wp\/v2\/pages"}],"about":[{"href":"https:\/\/cyclospattes.org\/index.php\/wp-json\/wp\/v2\/types\/page"}],"author":[{"embeddable":true,"href":"https:\/\/cyclospattes.org\/index.php\/wp-json\/wp\/v2\/users\/2"}],"replies":[{"embeddable":true,"href":"https:\/\/cyclospattes.org\/index.php\/wp-json\/wp\/v2\/comments?post=19"}],"version-history":[{"count":95,"href":"https:\/\/cyclospattes.org\/index.php\/wp-json\/wp\/v2\/pages\/19\/revisions"}],"predecessor-version":[{"id":651,"href":"https:\/\/cyclospattes.org\/index.php\/wp-json\/wp\/v2\/pages\/19\/revisions\/651"}],"wp:attachment":[{"href":"https:\/\/cyclospattes.org\/index.php\/wp-json\/wp\/v2\/media?parent=19"}],"curies":[{"name":"wp","href":"https:\/\/api.w.org\/{rel}","templated":true}]}}